-24
Let j(l) = -l**3 + 17*l**2 + 21*l - 112. Calculate j(18).
-58
Let h(j) = j**2 - j - 58. Give h(6).
-28
Let s(v) = -v**2 + 738*v - 14361. Give s(20).
-1
Let s(z) = -406*z - 33. Calculate s(-1).
373
Let n(p) = -158*p + 928. Calculate n(6).
-20
Let j(h) = h**3 + 12*h**2 - 14*h + 169. Calculate j(-14).
-27
Let f(p) = 44*p + 873. What is f(-23)?
-139
Let y(h) = -52*h**2 - 1458*h - 47. Give y(-28).
9
Let o(b) = -b**2 + 238*b + 21937. Determine o(-71).
-2
Let p(o) = 36*o + 108. Determine p(-3).
0
Let c(t) = 28*t + 158. Give c(-1).
130
Let q(x) = x**3 + 6*x**2 - 15*x - 83. What is q(-6)?
7
Let l(a) = -18*a + 715. Determine l(38).
31
Let i(v) = -4*v**3 - v**2 + 8*v - 4. Calculate i(2).
-24
Let x(c) = 2*c**3 + 93*c**2 - 140*c + 166. What is x(-48)?
-26
Let y(x) = x**3 + 23*x**2 + 45*x - 71. What is y(-21)?
-134
Let z(n) = -297*n + 1845. What is z(9)?
-828
Let i(a) = 85*a**2 - 12*a - 4. What is i(-1)?
93
Let h(p) = 149*p + 1544. What is h(-7)?
501
Let s(g) = g**3 - 5. What is s(0)?
-5
Let v(z) = z - 44. Determine v(39).
-5
Let b(s) = -26*s - 536. Determine b(-21).
10
Let o(w) = 13*w**3 + 68*w**2 - 73*w + 1. Calculate o(1).
9
Let x(m) = 98*m - 552. Determine x(6).
36
Let w(q) = 3*q**2 + 16*q - 200. Calculate w(7).
59
Let x(b) = -8*b**2 + 269*b - 2129. Give x(13).
16
Let y(f) = -3*f**2 + 21*f + 32. What is y(10)?
-58
Let o(g) = 29*g - 149. Determine o(19).
402
Let l(p) = -p**2 - 12*p + 444. Calculate l(-27).
39
Let j(k) = -25*k + 573. Determine j(28).
-127
Let a(z) = 3*z**2 + 58*z + 56. Calculate a(-24).
392
Let z(w) = w**3 - 45*w**2 - 73*w + 1238. Determine z(46).
-4
Let r(w) = -63*w - 2336. Calculate r(-37).
-5
Let b(i) = i**3 + 41*i**2 - 65*i - 943. What is b(-42)?
23
Let v(p) = 14*p**2 - 349*p - 11. Determine v(25).
14
Let d(m) = 56*m - 133. Give d(3).
35
Let w(c) = -20*c + 44. What is w(2)?
4
Let w(z) = -8*z**2 - 200*z + 20. Calculate w(-26).
-188
Let f(t) = -t**2 - 31*t - 231. What is f(-10)?
-21
Let v(f) = f**2 - 17*f + 84. Determine v(19).
122
Let l(r) = -r**3 - 5*r**2 + 11*r + 54. Determine l(-7).
75
Let a(d) = 84*d**2 - 344*d + 83. Calculate a(4).
51
Let q(f) = f**2 - 39*f - 531. What is q(50)?
19
Let y(r) = -320*r - 10555. What is y(-33)?
5
Let h(r) = r**2 + 549*r - 10211. What is h(18)?
-5
Let y(r) = 368*r - 13362. Determine y(36).
-114
Let q(j) = -53*j**2 - 1164*j + 49. Determine q(-22).
5
Let k(w) = -w**2 - 22*w + 14. What is k(-10)?
134
Let f(z) = -20*z**2 - 184*z - 386. What is f(-6)?
-2
Let c(g) = -g**2 - g + 18. Determine c(-9).
-54
Let h(o) = -2*o**3 - 15*o**2 - 10*o - 29. What is h(-7)?
-8
Let a(d) = 2*d**2 + 754*d - 5337. Give a(7).
39
Let g(w) = -23*w - 247. Give g(-12).
29
Let t(q) = -101*q - 2282. Determine t(-24).
142
Let h(a) = -77*a + 3382. Give h(44).
-6
Let n(s) = -10*s + 336. Calculate n(36).
-24
Let u(k) = -1943*k - 25258. Calculate u(-13).
1
Let d(h) = -h**3 - 35*h**2 + 564*h - 22. Calculate d(-47).
-22
Let u(t) = -t**2 - 1644*t - 6546. What is u(-4)?
14
Let y(j) = -j**3 + 18*j**2 + 31*j + 169. Calculate y(20).
-11
Let z(y) = -46*y + 1330. Give z(29).
-4
Let z(q) = -q**3 - 39*q**2 + 269*q - 12. Calculate z(-45).
33
Let q(j) = 2*j + 168. Give q(-22).
124
Let x(d) = 163*d + 633. Determine x(-4).
-19
Let b(f) = f**3 + 21*f**2 + 47*f + 127. Calculate b(-19).
-44
Let s(j) = j**3 - 11*j**2 + 10*j - 236. What is s(12)?
28
Let j(q) = -q**3 + 3*q**2 + 980*q - 4862. Give j(5).
-12
Let k(a) = a**3 + 38*a**2 + 226*a - 113. Determine k(-8).
-1
Let r(t) = -975*t - 2884. Determine r(-3).
41
Let g(n) = -3*n**3 + 24*n**2 - 27*n - 22. Determine g(10).
-892
Let b(s) = -s**3 + 38*s**2 + 165*s + 18. What is b(42)?
-108
Let h(z) = 4*z**2 + 27*z + 2. What is h(-7)?
9
Let h(k) = k**3 + 24*k**2 + 149*k + 5225. Give h(-26).
-1
Let f(d) = 2*d**2 + 51*d - 1582. What is f(-45)?
173
Let f(l) = l**3 + 37*l**2 + 227*l - 115. Give f(-29).
30
Let n(s) = -443*s + 6200. Give n(14).
-2
Let m(t) = -t**3 + 4*t**2 + 90*t - 349. What is m(4)?
11
Let q(s) = -4*s + 299. What is q(55)?
79
Let g(v) = 60*v - 994. Calculate g(17).
26
Let v(j) = -32*j**2 + 8*j - 5. What is v(-3)?
-317
Let h(v) = -v**2 - 13*v + 44. What is h(6)?
-70
Let v(o) = -9*o**2 - 65*o - 192. Determine v(-7).
-178
Let v(x) = 200*x - 3813. What is v(19)?
-13
Let i(c) = -c**3 - 17*c**2 - 26*c - 76. Determine i(-16).
84
Let f(s) = -s**2 + 59*s - 230. Calculate f(55).
-10
Let o(p) = -46*p + 235. Determine o(17).
-547
Let a(z) = 4*z + 149. Determine a(-32).
21
Let y(s) = 7*s - 11. Determine y(2).
3
Let o(i) = i**3 - i**2 - 43*i + 52. What is o(0)?
52
Let x(w) = w**3 - 18*w**2 + 87*w - 20. Determine x(9).
34
Let d(l) = -3*l**2 - 20*l - 22. Calculate d(-8).
-54
Let n(w) = 1463*w + 10248. Give n(-7).
7
Let u(m) = m**3 + 17*m**2 - 24*m + 274. What is u(-19)?
8
Let a(p) = -8441*p - 160380. What is a(-19)?
-1
Let p(z) = z**2 - 473*z - 9332. Calculate p(-19).
16
Let h(p) = -307*p - 1906. Calculate h(-6).
-64
Let k(r) = -53*r - 1044. Give k(-20).
16
Let h(d) = d**3 + 11*d**2 + 14*d + 148. What is h(-11)?
-6
Let w(h) = -116*h - 619. Calculate w(-6).
77
Let p(t) = -t**2 - 141*t - 2504. Determine p(-120).
16
Let s(i) = -6*i + 35. Determine s(-14).
119
Let v(k) = -37*k + 27. Give v(2).
-47
Let f(b) = -5*b**3 + 8*b**2 - 5*b - 6. Give f(-3).
216
Let b(x) = -52*x + 2438. Determine b(47).
-6
Let h(o) = 73*o - 1485. Determine h(20).
-25
Let i(w) = 148*w + 881. What is i(-6)?
-7
Let g(s) = 48*s - 1881. Calculate g(39).
-9
Let z(b) = 205*b - 1019. Determine z(5).
6
Let v(b) = 14*b**2 + 9*b - 71. Calculate v(4).
189
Let b(x) = x**3 + 41*x**2 - 134*x - 68. Give b(-44).
20
Let l(y) = -204*y + 2149. Calculate l(11).
-95
Let b(r) = -3*r**2 + 345*r - 316. Calculate b(114).
26
Let z(c) = 19*c + 1049. Give z(-63).
-148
Let t(c) = 50*c**2 + 120*c + 100. Calculate t(-1).
30
Let n(h) = 2*h**3 + 25*h**2 - 50*h + 30. Determine n(-14).
142
Let r(a) = -94*a - 155. What is r(2)?
-343
Let y(m) = -3*m**2 - 46*m - 93. Give y(-13).
-2
Let o(y) = -y**3 + 77*y**2 + 157*y + 358. Give o(79).
279
Let p(u) = 400*u - 1596. Calculate p(4).
4
Let p(k) = -k**2 - 70*k + 42. Give p(-72).
-102
Let u(j) = -j**3 + 69*j**2 - 74*j + 429. Calculate u(68).
21
Let m(h) = 20*h - 557. What is m(25)?
-57
Let u(a) = a**3 - 5*a**2 + 172*a - 1466. What is u(8)?
102
Let n(m) = -m**3 + 44*m**2 - 124*m + 37. Determine n(41).
-4
Let n(a) = -2*a**3 - 53*a**2 + 55*a + 579. Calculate n(-27).
-177
Let d(i) = 26*i**2 + 153*i - 26. Determine d(-6).
-8
Let n(c) = -1601*c - 4840. Give n(-3).
-37
Let l(d) = -5*d**3 - 386*d**2 - 76*d - 217. Calculate l(-77).
-294
Let i(z) = 3*z**2 - 157*z + 994. Determine i(45).
4
Let w(p) = p**2 - 25*p - 715. Calculate w(-17).
-1
Let o(w) = -56*w - 22. Determine o(-1).
34
Let c(d) = 196*d - 387. What is c(2)?
5
Let i(j) = -49*j**3 - j**2 - 8*j - 7. What is i(-1)?
49
Let h(y) = -y**3 + 11*y**2 + 33*y - 260. Determine h(12).
-8
Let x(o) = 73*o + 9860. Give x(-135).
5
Let f(y) = 2*y**3 + 3*y**2 - 57*y - 178. Calculate f(-3).
-34
Let l(x) = -3*x**3 + 28*x**2 - 59*x + 58. Determine l(7).
-12
Let x(d) = -2*d**2 + 80*d + 897. Give x(-14).
-615
Let f(a) = 7*a**2 - 19*a - 70. What is f(-6)?
296
Let n(v) = 37*v - 295. Calculate n(4).
-147
Let z(d) = -154*d + 1280. Give z(8).
48
Let a(q) = q**3 + 111*q**2 - 83*q + 3251. Calculate a(-112).
3
Let f(s) = 36*s + 60. Determine f(-6).
-156
Let u(z) = -z**2 + 25*z + 99. Give u(0).
99
Let h(f) = 80*f - 229. Calculate h(5).
171
Let i(l) = -3*l**3 + l**2 + 18*l - 1. Calculate i(-3).
35
Let v(k) = k**3 + 4*k**2 - 17*k - 22. Calculate v(-6).
8
Let t(b) = -3*b**2 + 76*b - 80. Determine t(25).
-55
Let u(d) = -d**3 + 19*d**2 - 41*d + 123. Give u(17).
4
Let z(v) = 62*v - 870. Give z(14).
-2
Let r(u) = 9*u**3 - 650*u**2 + 142*u + 123. Determine r(72).
-21
Let t(l) = -l**3 - 26*l**2 + 87*l - 65. Give t(-29).
-65
Let n(v) = -v**2 - 55*v + 792. Determine n(-70).
-258
Let z(j) = j**3 - 6*j**2 - 6*j - 91. Give z(8).
-11
Let z(c) = -78*c - 1. Give z(4).
-313
Let h(x) = 48*x**2 + 24*x - 85. Determine h(3).
419
Let p(d) = d**3 + 325*d**2 - 986*d + 6. What is p(3)?
0
Let g(i) = i**3 - i**2 + 12*i - 86. What is g(4)?
10
Let z(t) = t**2 - 123*t + 1903. Determine z(105).
13
Let t(d) = -d**3 - 6*d**2 - 12*d - 41. Calculate t(-5).
-6
Let n(c) = -5*c + 80. What is n(19)?
-15
Let t(j) = 14*j**2 - 133*j + 43. Determine t(8).
-125
Let